is the highest common factor of 218 and 327?
109
What is the greatest common factor of 60 and 170?
10
What is the highest common divisor of 210 and 315?
105
What is the highest common divisor of 1586 and 26?
26
Calculate the greatest common divisor of 63 and 189.
63
Calculate the greatest common divisor of 9316 and 136.
68
Calculate the highest common factor of 86 and 6.
2
Calculate the highest common divisor of 450 and 1060.
10
What is the highest common divisor of 550 and 50?
50
Calculate the highest common divisor of 425 and 255.
85
What is the highest common factor of 4 and 202?
2
What is the greatest common divisor of 37 and 259?
37
What is the highest common factor of 15 and 45?
15
What is the highest common divisor of 357 and 459?
51
What is the greatest common divisor of 7137 and 351?
117
Calculate the highest common divisor of 33 and 4015.
11
What is the greatest common divisor of 2340 and 72?
36
What is the greatest common factor of 465 and 16833?
93
What is the greatest common divisor of 27 and 14607?
27
What is the greatest common divisor of 4 and 15?
1
What is the greatest common factor of 1055 and 5?
5
What is the greatest common divisor of 38 and 1691?
19
Calculate the highest common divisor of 638 and 406.
58
Calculate the highest common divisor of 400 and 170.
10
What is the highest common divisor of 744 and 24?
24
What is the greatest common divisor of 34743 and 1252?
313
Calculate the highest common divisor of 1937 and 298.
149
What is the highest common divisor of 768 and 3680?
32
What is the highest common factor of 371 and 70?
7
What is the greatest common divisor of 375 and 660?
15
Calculate the highest common divisor of 96 and 64.
32
What is the highest common factor of 780 and 4140?
60
What is the highest common factor of 1025 and 1271?
41
Calculate the highest common divisor of 726 and 44.
22
What is the highest common divisor of 128 and 64?
64
Calculate the highest common factor of 1806 and 129.
129
What is the greatest common divisor of 180 and 1608?
12
Calculate the greatest common factor of 78 and 8346.
78
What is the greatest common factor of 27 and 147?
3
What is the highest common divisor of 725 and 25?
25
What is the highest common divisor of 54 and 1242?
54
Calculate the greatest common divisor of 455 and 52.
13
What is the greatest common factor of 1 and 16?
1
Calculate the greatest common divisor of 84 and 756.
84
Calculate the greatest common factor of 1541 and 67.
67
Calculate the highest common divisor of 3910 and 340.
170
Calculate the greatest common factor of 3172 and 13.
13
Calculate the greatest common factor of 2065 and 105.
35
Calculate the greatest common divisor of 658 and 2773.
47
What is the greatest common factor of 6 and 384?
6
What is the greatest common factor of 2071 and 38?
19
What is the greatest common divisor of 300 and 870?
30
Calculate the greatest common divisor of 128 and 84.
4
Calculate the greatest common factor of 4638 and 6.
6
What is the highest common divisor of 156 and 12?
12
What is the greatest common factor of 68 and 612?
68
Calculate the highest common factor of 20 and 715.
5
Calculate the highest common factor of 73 and 1387.
73
Calculate the highest common divisor of 8604 and 216.
36
Calculate the greatest common divisor of 172 and 1677.
43
Calculate the greatest common divisor of 20 and 668.
4
What is the highest common factor of 689 and 12879?
53
What is the highest common divisor of 2893 and 11?
11
What is the greatest common factor of 2 and 1204?
2
What is the highest common factor of 28 and 224?
28
Calculate the highest common factor of 1167 and 6.
3
What is the highest common factor of 1012 and 33?
11
Calculate the highest common divisor of 12288 and 12.
12
Calculate the highest common divisor of 14750 and 500.
250
Calculate the highest common divisor of 6400 and 8.
8
Calculate the greatest common divisor of 206 and 6.
2
What is the greatest common divisor of 418 and 38?
38
What is the highest common divisor of 104 and 221?
13
Calculate the greatest common divisor of 135 and 10.
5
Calculate the highest common divisor of 16 and 20.
4
Calculate the greatest common factor of 2043 and 9.
9
Calculate the greatest common factor of 11 and 187.
11
Calculate the greatest common factor of 2896 and 16.
16
What is the greatest common factor of 584 and 657?
73
Calculate the highest common factor of 140 and 100.
20
What is the highest common divisor of 24 and 140184?
24
Calculate the greatest common divisor of 210 and 30.
30
Calculate the greatest common factor of 96 and 416.
32
What is the highest common divisor of 48 and 192?
48
Calculate the highest common divisor of 240 and 384.
48
Calculate the greatest common factor of 21 and 1176.
21
Calculate the greatest common divisor of 3 and 216.
3
What is the highest common divisor of 172 and 9847?
43
Calculate the highest common divisor of 14 and 128.
2
What is the greatest common factor of 93 and 372?
93
Calculate the highest common divisor of 54057 and 111.
111
Calculate the highest common divisor of 3351 and 15.
3
What is the highest common divisor of 11 and 1606?
11
What is the highest common factor of 31 and 837?
31
Calculate the greatest common divisor of 3161 and 109.
109
Calculate the highest common divisor of 161 and 133.
7
Calculate the greatest common divisor of 208 and 32.
16
Calculate the greatest common divisor of 13 and 28431.
13
What is the highest common factor of 150 and 510?
30
What is the greatest common factor of 14 and 574?
14
What is the greatest common factor of 2 and 513?
1
Calculate the greatest common divisor of 24 and 1644.
12
Calculate the highest common divisor of 132 and 352.
44
Calculate the greatest common factor of 760 and 10.
10
Calculate the highest common divisor of 10 and 1348.
2
What is the highest common divisor of 2950 and 400?
50
What is the highest common divisor of 506 and 368?
46
Calculate the greatest common factor of 3052 and 28.
28
Calculate the greatest common divisor of 528 and 462.
66
What is the greatest common divisor of 1326 and 1173?
51
Calculate the highest common divisor of 42594 and 62.
62
Calculate the greatest common divisor of 1 and 173.
1
What is the greatest common factor of 19395 and 45?
45
What is the highest common factor of 168 and 364?
28
What is the greatest common divisor of 15157 and 23?
23
What is the highest common divisor of 26 and 2925?
13
What is the highest common divisor of 4697 and 122?
61
What is the greatest common factor of 2140 and 20?
20
What is the greatest common divisor of 312 and 24?
24
Calculate the highest common divisor of 11 and 1375.
11
Calculate the highest common factor of 728 and 112.
56
Calculate the greatest common factor of 24 and 256.
8
Calculate the highest common divisor of 34 and 3026.
34
Calculate the highest common divisor of 595 and 476.
119
What is the highest common factor of 33 and 187?
11
What is the greatest common factor of 18 and 228?
6
What is the greatest common divisor of 1275 and 612?
51
Calculate the highest common divisor of 303 and 505.
101
Calculate the greatest common factor of 882 and 112.
14
What is the greatest common factor of 170926 and 58?
58
Calculate the greatest common divisor of 170 and 493.
17
What is the highest common divisor of 3250 and 39?
13
What is the highest common divisor of 7 and 623?
7
Calculate the highest common factor of 9378 and 126.
18
Calculate the highest common divisor of 186 and 6.
6
What is the greatest common factor of 164 and 1394?
82
Calculate the highest common factor of 2 and 74.
2
What is the highest common divisor of 1 and 2?
1
What is the highest common divisor of 420 and 24?
12
Calculate the greatest common divisor of 1672 and 304.
152
What is the greatest common divisor of 75 and 255?
15
Calculate the greatest common divisor of 41 and 3116.
41
Calculate the highest common factor of 26 and 52.
26
What is the highest common divisor of 70 and 1085?
35
Calculate the highest common factor of 343 and 14.
7
Calculate the highest common divisor of 630 and 75.
15
What is the greatest common factor of 5 and 965?
5
Calculate the highest common divisor of 15 and 915.
15
Calculate the highest common divisor of 72 and 2232.
72
What is the highest common factor of 40 and 70?
10